{"id":506,"date":"2021-04-15T16:04:24","date_gmt":"2021-04-15T14:04:24","guid":{"rendered":"https:\/\/poplawy.sh.org.pl\/?page_id=506"},"modified":"2022-09-08T10:00:09","modified_gmt":"2022-09-08T08:00:09","slug":"bagnoprawdy","status":"publish","type":"page","link":"https:\/\/poplawy.sh.org.pl\/index.php\/bagnoprawdy\/","title":{"rendered":"Bagno Prawdy"},"content":{"rendered":"\n<p><\/p>\n\n\n\n<figure class=\"wp-block-image size-large is-style-default\"><img loading=\"lazy\" decoding=\"async\" width=\"1024\" height=\"576\" src=\"https:\/\/poplawy.sh.org.pl\/wp-content\/uploads\/2021\/05\/bagno_01-1024x576.jpg\" alt=\"\" class=\"wp-image-604\" srcset=\"https:\/\/poplawy.sh.org.pl\/wp-content\/uploads\/2021\/05\/bagno_01-1024x576.jpg 1024w, https:\/\/poplawy.sh.org.pl\/wp-content\/uploads\/2021\/05\/bagno_01-300x169.jpg 300w, https:\/\/poplawy.sh.org.pl\/wp-content\/uploads\/2021\/05\/bagno_01-768x432.jpg 768w, https:\/\/poplawy.sh.org.pl\/wp-content\/uploads\/2021\/05\/bagno_01-1536x864.jpg 1536w, https:\/\/poplawy.sh.org.pl\/wp-content\/uploads\/2021\/05\/bagno_01-533x300.jpg 533w, https:\/\/poplawy.sh.org.pl\/wp-content\/uploads\/2021\/05\/bagno_01.jpg 2000w\" sizes=\"auto, (max-width: 1024px) 100vw, 1024px\" \/><\/figure>\n\n\n\n<p><strong>\u0141adna widokowa trasa przez podmok\u0142e tereny i rozlewiska nad Narwi\u0105, dla najbardziej odpornych na trudy rowerzyst\u00f3w. Ze wzgl\u0119du na warunki terenowe dost\u0119pna wy\u0142\u0105cznie p\u00f3\u017an\u0105 wiosn\u0105 i latem.<\/strong><br>D\u0142ugo\u015b\u0107 \u2013 11 km<\/p>\n\n\n\n<p><strong>Trasa:<\/strong><br>Zaczynamy przed g\u0142\u00f3wn\u0105 bram\u0105 Bazy Biwakowej Stowarzyszenia Harcerskiego. Jedziemy w prawo w stron\u0119 Pu\u0142tuska, na skrzy\u017cowaniu skr\u0119camy w prawo (drogowskaz na Ponikiew). Jedziemy ca\u0142y czas prosto, mijamy bram\u0119 kuchenn\u0105 Bazy. Doje\u017cd\u017camy do asfaltowego skrzy\u017cowania, skr\u0119camy w lewo i wje\u017cd\u017camy do wsi Ponikiew. Jedziemy do ko\u0144ca drogi, skr\u0119camy w prawo (na stodole znajduje si\u0119 tablica ze strza\u0142k\u0105 i napisem \u201eNad Narew\u201d). Jedziemy ca\u0142y czas prosto, po obu stronach drogi mijamy domy letniskowe. Na skrzy\u017cowaniu skr\u0119camy w lewo. Droga wiedzie brzegiem lasu, po lewej stronie mijamy pola uprawne. Po pewnym czasie doje\u017cd\u017camy nad rzek\u0119. W tym miejscu droga skr\u0119ca w lewo i ca\u0142y czas biegnie wzd\u0142u\u017c rzeki. Po pewnym czasie droga oddala si\u0119 troch\u0119 od Narwi i ponownie skr\u0119ca w lewo (omija tereny prywatne, wida\u0107 resztki ogrodzenia). Wyje\u017cd\u017camy na \u0142\u0105ki. Trzymamy si\u0119 g\u0142\u00f3wnej drogi. Wiosn\u0105 na tym odcinku mo\u017cna napotka\u0107 kilka du\u017cych ka\u0142u\u017c i solidnie zmoczy\u0107 buty (nawet jad\u0105c na rowerze). Doje\u017cd\u017camy do betonowego przejazdu przez r\u00f3w z wod\u0105. Uwaga, bywa tu ca\u0142kiem g\u0142\u0119boko! Za przejazdem skr\u0119camy w lewo. Po pewnym czasie droga skr\u0119ca w prawo, po lewej stronie wida\u0107 rozlewiska. Tu r\u00f3wnie\u017c jest sporo b\u0142ota. Droga biegnie dalej przez \u0142\u0105ki. Doje\u017cd\u017camy do asfaltu i wyje\u017cd\u017camy na szos\u0119 Ponikiew \u2013 Pu\u0142tusk. Skr\u0119camy w prawo, dalej na skrzy\u017cowaniu w lewo i po chwili jeste\u015bmy ponownie przed Baz\u0105.<\/p>\n\n\n\n<figure class=\"wp-block-image size-large is-style-default\"><img loading=\"lazy\" decoding=\"async\" width=\"1024\" height=\"576\" src=\"https:\/\/poplawy.sh.org.pl\/wp-content\/uploads\/2021\/05\/bagno_03-1024x576.jpg\" alt=\"\" class=\"wp-image-606\" srcset=\"https:\/\/poplawy.sh.org.pl\/wp-content\/uploads\/2021\/05\/bagno_03-1024x576.jpg 1024w, https:\/\/poplawy.sh.org.pl\/wp-content\/uploads\/2021\/05\/bagno_03-300x169.jpg 300w, https:\/\/poplawy.sh.org.pl\/wp-content\/uploads\/2021\/05\/bagno_03-768x432.jpg 768w, https:\/\/poplawy.sh.org.pl\/wp-content\/uploads\/2021\/05\/bagno_03-1536x864.jpg 1536w, https:\/\/poplawy.sh.org.pl\/wp-content\/uploads\/2021\/05\/bagno_03-533x300.jpg 533w, https:\/\/poplawy.sh.org.pl\/wp-content\/uploads\/2021\/05\/bagno_03.jpg 2000w\" sizes=\"auto, (max-width: 1024px) 100vw, 1024px\" \/><\/figure>\n","protected":false},"excerpt":{"rendered":"<p>\u0141adna widokowa trasa przez podmok\u0142e tereny i rozlewiska nad Narwi\u0105, dla najbardziej odpornych na trudy rowerzyst\u00f3w. Ze wzgl\u0119du na warunki terenowe dost\u0119pna wy\u0142\u0105cznie p\u00f3\u017an\u0105 wiosn\u0105 i latem.D\u0142ugo\u015b\u0107 \u2013 11 km Trasa:Zaczynamy przed g\u0142\u00f3wn\u0105 bram\u0105 Bazy Biwakowej Stowarzyszenia Harcerskiego. Jedziemy w prawo w stron\u0119 Pu\u0142tuska, na skrzy\u017cowaniu skr\u0119camy w prawo (drogowskaz &hellip;<\/p>\n","protected":false},"author":3,"featured_media":0,"parent":0,"menu_order":0,"comment_status":"closed","ping_status":"closed","template":"","meta":{"footnotes":""},"class_list":["post-506","page","type-page","status-publish","hentry"],"_links":{"self":[{"href":"https:\/\/poplawy.sh.org.pl\/index.php\/wp-json\/wp\/v2\/pages\/506","targetHints":{"allow":["GET"]}}],"collection":[{"href":"https:\/\/poplawy.sh.org.pl\/index.php\/wp-json\/wp\/v2\/pages"}],"about":[{"href":"https:\/\/poplawy.sh.org.pl\/index.php\/wp-json\/wp\/v2\/types\/page"}],"author":[{"embeddable":true,"href":"https:\/\/poplawy.sh.org.pl\/index.php\/wp-json\/wp\/v2\/users\/3"}],"replies":[{"embeddable":true,"href":"https:\/\/poplawy.sh.org.pl\/index.php\/wp-json\/wp\/v2\/comments?post=506"}],"version-history":[{"count":30,"href":"https:\/\/poplawy.sh.org.pl\/index.php\/wp-json\/wp\/v2\/pages\/506\/revisions"}],"predecessor-version":[{"id":696,"href":"https:\/\/poplawy.sh.org.pl\/index.php\/wp-json\/wp\/v2\/pages\/506\/revisions\/696"}],"wp:attachment":[{"href":"https:\/\/poplawy.sh.org.pl\/index.php\/wp-json\/wp\/v2\/media?parent=506"}],"curies":[{"name":"wp","href":"https:\/\/api.w.org\/{rel}","templated":true}]}}