{"id":558,"date":"2021-04-19T21:31:58","date_gmt":"2021-04-19T19:31:58","guid":{"rendered":"https:\/\/poplawy.sh.org.pl\/?page_id=558"},"modified":"2022-12-02T12:48:30","modified_gmt":"2022-12-02T11:48:30","slug":"chata","status":"publish","type":"page","link":"https:\/\/poplawy.sh.org.pl\/index.php\/chata\/","title":{"rendered":"Chata"},"content":{"rendered":"\n<p>Ponad stuletnia, drewniana chata przeniesiona w latach 70-tych XX wieku (podobno) z Obrytego. Na dole kuchnia, toaleta i du\u017ca sala na zaj\u0119cia lub jadalni\u0119. Na poddaszu cz\u0119\u015b\u0107 sypialna &#8211; \u015bpi si\u0119 na pod\u0142odze na materacach. Mo\u017ce tu nocowa\u0107 20 os\u00f3b przez ca\u0142y rok &#8211; budynek jest ogrzewany.<\/p>\n\n\n\n<figure class=\"wp-block-image size-large\"><img loading=\"lazy\" decoding=\"async\" width=\"1024\" height=\"576\" src=\"https:\/\/poplawy.sh.org.pl\/wp-content\/uploads\/2021\/04\/Image00001-1024x576.jpg\" alt=\"\" class=\"wp-image-416\" srcset=\"https:\/\/poplawy.sh.org.pl\/wp-content\/uploads\/2021\/04\/Image00001-1024x576.jpg 1024w, https:\/\/poplawy.sh.org.pl\/wp-content\/uploads\/2021\/04\/Image00001-300x169.jpg 300w, https:\/\/poplawy.sh.org.pl\/wp-content\/uploads\/2021\/04\/Image00001-768x432.jpg 768w, https:\/\/poplawy.sh.org.pl\/wp-content\/uploads\/2021\/04\/Image00001-1536x864.jpg 1536w, https:\/\/poplawy.sh.org.pl\/wp-content\/uploads\/2021\/04\/Image00001-480x270.jpg 480w, https:\/\/poplawy.sh.org.pl\/wp-content\/uploads\/2021\/04\/Image00001.jpg 2000w\" sizes=\"auto, (max-width: 1024px) 100vw, 1024px\" \/><\/figure>\n\n\n<div class=\"wp-block-image is-style-default\">\n<figure class=\"aligncenter size-full\"><img loading=\"lazy\" decoding=\"async\" width=\"866\" height=\"647\" src=\"https:\/\/poplawy.sh.org.pl\/wp-content\/uploads\/2022\/12\/plan_chata_dol.jpg\" alt=\"\" class=\"wp-image-756\" srcset=\"https:\/\/poplawy.sh.org.pl\/wp-content\/uploads\/2022\/12\/plan_chata_dol.jpg 866w, https:\/\/poplawy.sh.org.pl\/wp-content\/uploads\/2022\/12\/plan_chata_dol-300x224.jpg 300w, https:\/\/poplawy.sh.org.pl\/wp-content\/uploads\/2022\/12\/plan_chata_dol-768x574.jpg 768w, https:\/\/poplawy.sh.org.pl\/wp-content\/uploads\/2022\/12\/plan_chata_dol-402x300.jpg 402w\" sizes=\"auto, (max-width: 866px) 100vw, 866px\" \/><\/figure><\/div>\n\n<div class=\"wp-block-image is-style-default\">\n<figure class=\"aligncenter size-large\"><img loading=\"lazy\" decoding=\"async\" width=\"866\" height=\"647\" src=\"https:\/\/poplawy.sh.org.pl\/wp-content\/uploads\/2021\/04\/plan_chata_gora.png\" alt=\"\" class=\"wp-image-585\" srcset=\"https:\/\/poplawy.sh.org.pl\/wp-content\/uploads\/2021\/04\/plan_chata_gora.png 866w, https:\/\/poplawy.sh.org.pl\/wp-content\/uploads\/2021\/04\/plan_chata_gora-300x224.png 300w, https:\/\/poplawy.sh.org.pl\/wp-content\/uploads\/2021\/04\/plan_chata_gora-768x574.png 768w, https:\/\/poplawy.sh.org.pl\/wp-content\/uploads\/2021\/04\/plan_chata_gora-402x300.png 402w\" sizes=\"auto, (max-width: 866px) 100vw, 866px\" \/><\/figure><\/div>","protected":false},"excerpt":{"rendered":"<p>Ponad stuletnia, drewniana chata przeniesiona w latach 70-tych XX wieku (podobno) z Obrytego. Na dole kuchnia, toaleta i du\u017ca sala na zaj\u0119cia lub jadalni\u0119. Na poddaszu cz\u0119\u015b\u0107 sypialna &#8211; \u015bpi si\u0119 na pod\u0142odze na materacach. Mo\u017ce tu nocowa\u0107 20 os\u00f3b przez ca\u0142y rok &#8211; budynek jest ogrzewany.<\/p>\n","protected":false},"author":3,"featured_media":0,"parent":0,"menu_order":0,"comment_status":"closed","ping_status":"closed","template":"","meta":{"footnotes":""},"class_list":["post-558","page","type-page","status-publish","hentry"],"_links":{"self":[{"href":"https:\/\/poplawy.sh.org.pl\/index.php\/wp-json\/wp\/v2\/pages\/558","targetHints":{"allow":["GET"]}}],"collection":[{"href":"https:\/\/poplawy.sh.org.pl\/index.php\/wp-json\/wp\/v2\/pages"}],"about":[{"href":"https:\/\/poplawy.sh.org.pl\/index.php\/wp-json\/wp\/v2\/types\/page"}],"author":[{"embeddable":true,"href":"https:\/\/poplawy.sh.org.pl\/index.php\/wp-json\/wp\/v2\/users\/3"}],"replies":[{"embeddable":true,"href":"https:\/\/poplawy.sh.org.pl\/index.php\/wp-json\/wp\/v2\/comments?post=558"}],"version-history":[{"count":6,"href":"https:\/\/poplawy.sh.org.pl\/index.php\/wp-json\/wp\/v2\/pages\/558\/revisions"}],"predecessor-version":[{"id":757,"href":"https:\/\/poplawy.sh.org.pl\/index.php\/wp-json\/wp\/v2\/pages\/558\/revisions\/757"}],"wp:attachment":[{"href":"https:\/\/poplawy.sh.org.pl\/index.php\/wp-json\/wp\/v2\/media?parent=558"}],"curies":[{"name":"wp","href":"https:\/\/api.w.org\/{rel}","templated":true}]}}

<p>Ponad stuletnia, drewniana chata przeniesiona w latach 70-tych XX wieku (podobno) z Obrytego. Na dole kuchnia, toaleta i duża sala na zajęcia lub jadalnię. Na poddaszu część sypialna &#8211; śpi się na podłodze na materacach. Może tu nocować 20 osób przez cały rok &#8211; budynek jest ogrzewany.</p>



<figure class="wp-block-image size-large"><img loading="lazy" decoding="async" width="1024" height="576" src="https://poplawy.sh.org.pl/wp-content/uploads/2021/04/Image00001-1024x576.jpg" alt="" class="wp-image-416" srcset="https://poplawy.sh.org.pl/wp-content/uploads/2021/04/Image00001-1024x576.jpg 1024w, https://poplawy.sh.org.pl/wp-content/uploads/2021/04/Image00001-300x169.jpg 300w, https://poplawy.sh.org.pl/wp-content/uploads/2021/04/Image00001-768x432.jpg 768w, https://poplawy.sh.org.pl/wp-content/uploads/2021/04/Image00001-1536x864.jpg 1536w, https://poplawy.sh.org.pl/wp-content/uploads/2021/04/Image00001-480x270.jpg 480w, https://poplawy.sh.org.pl/wp-content/uploads/2021/04/Image00001.jpg 2000w" sizes="auto, (max-width: 1024px) 100vw, 1024px" /></figure>


<div class="wp-block-image is-style-default">
<figure class="aligncenter size-full"><img loading="lazy" decoding="async" width="866" height="647" src="https://poplawy.sh.org.pl/wp-content/uploads/2022/12/plan_chata_dol.jpg" alt="" class="wp-image-756" srcset="https://poplawy.sh.org.pl/wp-content/uploads/2022/12/plan_chata_dol.jpg 866w, https://poplawy.sh.org.pl/wp-content/uploads/2022/12/plan_chata_dol-300x224.jpg 300w, https://poplawy.sh.org.pl/wp-content/uploads/2022/12/plan_chata_dol-768x574.jpg 768w, https://poplawy.sh.org.pl/wp-content/uploads/2022/12/plan_chata_dol-402x300.jpg 402w" sizes="auto, (max-width: 866px) 100vw, 866px" /></figure></div>

<div class="wp-block-image is-style-default">
<figure class="aligncenter size-large"><img loading="lazy" decoding="async" width="866" height="647" src="https://poplawy.sh.org.pl/wp-content/uploads/2021/04/plan_chata_gora.png" alt="" class="wp-image-585" srcset="https://poplawy.sh.org.pl/wp-content/uploads/2021/04/plan_chata_gora.png 866w, https://poplawy.sh.org.pl/wp-content/uploads/2021/04/plan_chata_gora-300x224.png 300w, https://poplawy.sh.org.pl/wp-content/uploads/2021/04/plan_chata_gora-768x574.png 768w, https://poplawy.sh.org.pl/wp-content/uploads/2021/04/plan_chata_gora-402x300.png 402w" sizes="auto, (max-width: 866px) 100vw, 866px" /></figure></div>

<p>Ponad stuletnia, drewniana chata przeniesiona w latach 70-tych XX wieku (podobno) z Obrytego. Na dole kuchnia, toaleta i duża sala na zajęcia lub jadalnię. Na poddaszu część sypialna &#8211; śpi się na podłodze na materacach. Może tu nocować 20 osób przez cały rok &#8211; budynek jest ogrzewany.</p>
