{"id":561,"date":"2021-04-19T21:34:10","date_gmt":"2021-04-19T19:34:10","guid":{"rendered":"https:\/\/poplawy.sh.org.pl\/?page_id=561"},"modified":"2021-04-23T08:11:25","modified_gmt":"2021-04-23T06:11:25","slug":"strozowka","status":"publish","type":"page","link":"https:\/\/poplawy.sh.org.pl\/index.php\/strozowka\/","title":{"rendered":"Str\u00f3\u017c\u00f3wka"},"content":{"rendered":"\n<p>Niedu\u017cy, murowany budynek. Wewn\u0105trz dwa pomieszczenia. W jednym sypialnia z dwoma pojedynczymi \u0142\u00f3\u017ckami. W drugim cz\u0119\u015b\u0107 dzienna. Na zewn\u0105trz zadaszony taras. Miejsce idealne na kadr\u00f3wk\u0119.<\/p>\n\n\n\n<div class=\"wp-block-image is-style-default\"><figure class=\"aligncenter size-large\"><img loading=\"lazy\" decoding=\"async\" width=\"595\" height=\"906\" src=\"https:\/\/poplawy.sh.org.pl\/wp-content\/uploads\/2021\/04\/plan_strozowka-1.png\" alt=\"\" class=\"wp-image-597\" srcset=\"https:\/\/poplawy.sh.org.pl\/wp-content\/uploads\/2021\/04\/plan_strozowka-1.png 595w, https:\/\/poplawy.sh.org.pl\/wp-content\/uploads\/2021\/04\/plan_strozowka-1-197x300.png 197w\" sizes=\"auto, (max-width: 595px) 100vw, 595px\" \/><\/figure><\/div>\n","protected":false},"excerpt":{"rendered":"<p>Niedu\u017cy, murowany budynek. Wewn\u0105trz dwa pomieszczenia. W jednym sypialnia z dwoma pojedynczymi \u0142\u00f3\u017ckami. W drugim cz\u0119\u015b\u0107 dzienna. Na zewn\u0105trz zadaszony taras. Miejsce idealne na kadr\u00f3wk\u0119.<\/p>\n","protected":false},"author":3,"featured_media":0,"parent":0,"menu_order":0,"comment_status":"closed","ping_status":"closed","template":"","meta":{"footnotes":""},"class_list":["post-561","page","type-page","status-publish","hentry"],"_links":{"self":[{"href":"https:\/\/poplawy.sh.org.pl\/index.php\/wp-json\/wp\/v2\/pages\/561","targetHints":{"allow":["GET"]}}],"collection":[{"href":"https:\/\/poplawy.sh.org.pl\/index.php\/wp-json\/wp\/v2\/pages"}],"about":[{"href":"https:\/\/poplawy.sh.org.pl\/index.php\/wp-json\/wp\/v2\/types\/page"}],"author":[{"embeddable":true,"href":"https:\/\/poplawy.sh.org.pl\/index.php\/wp-json\/wp\/v2\/users\/3"}],"replies":[{"embeddable":true,"href":"https:\/\/poplawy.sh.org.pl\/index.php\/wp-json\/wp\/v2\/comments?post=561"}],"version-history":[{"count":4,"href":"https:\/\/poplawy.sh.org.pl\/index.php\/wp-json\/wp\/v2\/pages\/561\/revisions"}],"predecessor-version":[{"id":598,"href":"https:\/\/poplawy.sh.org.pl\/index.php\/wp-json\/wp\/v2\/pages\/561\/revisions\/598"}],"wp:attachment":[{"href":"https:\/\/poplawy.sh.org.pl\/index.php\/wp-json\/wp\/v2\/media?parent=561"}],"curies":[{"name":"wp","href":"https:\/\/api.w.org\/{rel}","templated":true}]}}