{"id":713,"date":"2022-09-08T10:51:15","date_gmt":"2022-09-08T08:51:15","guid":{"rendered":"https:\/\/poplawy.sh.org.pl\/?page_id=713"},"modified":"2022-09-08T10:51:15","modified_gmt":"2022-09-08T08:51:15","slug":"szlak-bobra","status":"publish","type":"page","link":"https:\/\/poplawy.sh.org.pl\/index.php\/szlak-bobra\/","title":{"rendered":"Szlak Bobra"},"content":{"rendered":"\n<figure class=\"wp-block-image\" id=\"block-bc326cc4-99d3-4f58-8e62-221590a8e652\"><img decoding=\"async\" src=\"https:\/\/poplawy.sh.org.pl\/wp-content\/uploads\/2022\/09\/Szlak-Bobra1-1024x511.jpg\" alt=\"Obrazek posiada pusty atrybut alt; plik o nazwie Szlak-Bobra1-1024x511.jpg\"\/><\/figure>\n\n\n\n<p id=\"block-261e206c-c05d-4338-850b-8fcdea17c736\">Pu\u0142tusk \u2013 Kleszewo \u2013 Cmentarz Wojenny \u2013 Pu\u0142tusk<\/p>\n\n\n\n<p id=\"block-94d07451-fd68-4044-90fb-ea6b1bd8609a\"><strong>D\u0142ugo\u015b\u0107 \u2013 6,7 km<\/strong><\/p>\n\n\n\n<p id=\"block-25429ed9-be03-45db-96b7-e9c27c31ff29\"><em>Kr\u00f3tki szlak po nadnarwia\u0144skich okolicach Pu\u0142tuska, kt\u00f3rego przej\u015bcie mo\u017cna po\u0142\u0105czy\u0107 ze zwiedzaniem cmentarza wojennego w Kleszewie.<\/em><\/p>\n\n\n\n<p id=\"block-be9cdd10-10ab-4c8a-bdc2-96b86ee2b88b\"><strong>Warto zobaczy\u0107:<\/strong><\/p>\n\n\n\n<p id=\"block-77bda323-3869-488f-888f-b11ead8aa18a\"><em>Rzek\u0119 Narew wraz z dzikim pasem brzegowym, star\u0105 pla\u017c\u0119 miejsk\u0105, charakterystyczne starorzecza Narwi okalaj\u0105ce miasto, panoram\u0119 Pu\u0142tuska z charakterystycznymi wie\u017cami ratuszow\u0105, zamkow\u0105 i dzwonnicy bazyliki kolegiackiej, Cmentarz \u2013 Mauzoleum \u017bo\u0142nierzy Radzieckich.<\/em><\/p>\n\n\n\n<p id=\"block-19ce28c6-1729-4996-908e-f31eba294b90\"><strong>Trasa:<\/strong><\/p>\n\n\n\n<p id=\"block-05cc96b9-7093-4a2c-a653-36449e544ec1\">Ruszamy z pu\u0142tuskiego rynku, spod bramy Domu Polonii. Na lewo od wjazdu do zamku zaczyna si\u0119 wa\u0142 przeciwpowodziowy, wzd\u0142u\u017c kt\u00f3rego biegnie szlak. Na drugim kilometrze od Pu\u0142tuska znajduje si\u0119 miejsce, w kt\u00f3rym podczas wielkiej powodzi w 1979 roku dosz\u0142o do przerwania wa\u0142u. To t\u0119dy pop\u0142yn\u0119\u0142a wielka woda, kt\u00f3ra na kilkana\u015bcie dni zala\u0142a Pu\u0142tusk. By\u0142 to jeden z najwi\u0119kszych kataklizm\u00f3w wodnych w powojennej Polsce. Jad\u0105c wa\u0142em, trudno sobie wyobrazi\u0107, \u017ce poziom wody wiosn\u0105 1979 roku by\u0142 a\u017c tak wysoki.<\/p>\n\n\n\n<p id=\"block-874f3bf8-9160-45d2-9ad0-5001e6ef2bac\">Po prawej i lewej stronie ca\u0142y czas mamy tereny zalewowe Narwi. Jej brzeg oddalony jest kilkana\u015bcie do kilkudziesi\u0119ciu metr\u00f3w od wa\u0142u. To w\u0142a\u015bnie ten teren, g\u0119sto zaro\u015bni\u0119ty krzakami i drzewami, g\u0142\u00f3wnie wierzbami, jest kr\u00f3lestwem bobr\u00f3w. Co prawda, z wa\u0142u raczej nie zobaczymy tych zwierz\u0105t, ale gdy zejdziemy nad brzeg rzeki (w kilku miejscach s\u0105 \u015bcie\u017cki utworzone przez w\u0119dkarzy) i przycupniemy nad wod\u0105, b\u0119dziemy mieli na to szans\u0119.<\/p>\n\n\n\n<p id=\"block-032386f9-c9b4-4f6c-8643-66a8b8e1b70b\">Po oko\u0142o trzech kilometrach, nied\u0142ugo po przejechaniu mostu na \u015bluzie i po skr\u0119cie w prawo wzd\u0142u\u017c szosy na Ostro\u0142\u0119k\u0119, docieramy do cmentarza \u2013 Mauzoleum \u017bo\u0142nierzy Radzieckich. Tu\u017c przed skr\u0119tem, po prawej stronie drogi, stoi wiata postojowa.<\/p>\n\n\n\n<figure class=\"wp-block-image\" id=\"block-7b5712ec-1de1-4183-8fac-bbf5e2ddd7df\"><img decoding=\"async\" src=\"https:\/\/poplawy.sh.org.pl\/wp-content\/uploads\/2022\/09\/Mauzoleum_1-1024x457.jpg\" alt=\"Obrazek posiada pusty atrybut alt; plik o nazwie Mauzoleum_1-1024x457.jpg\"\/><\/figure>\n\n\n\n<p id=\"block-a556e5e0-7e3a-449d-b591-e7d1ab64765c\">Podczas II wojny \u015bwiatowej Niemcy zamienili Pu\u0142tusk w miasto \u2013 twierdz\u0119. W lipcu 1944 roku od wschodu podesz\u0142y wojska radzieckie. Uda\u0142o im si\u0119 w dw\u00f3ch miejscach sforsowa\u0107 Narew. Na p\u00f3\u0142noc i po\u0142udnie od Pu\u0142tuska powsta\u0142y dwa ma\u0142e przycz\u00f3\u0142ki. Op\u00f3r niemiecki by\u0142 jednak na tyle silny, \u017ce nie uda\u0142o si\u0119 miasta zdoby\u0107 z marszu. A\u017c do stycznia 1945 roku trwa\u0142y zaci\u0119te walki pozycyjne na przycz\u00f3\u0142kach. Przez te kilka miesi\u0119cy Rosjanie stracili kilkana\u015bcie tysi\u0119cy \u017co\u0142nierzy. W\u0142a\u015bnie oni pochowani s\u0105 na cmentarzu.<\/p>\n\n\n\n<p id=\"block-facd68e1-518b-4553-8cd7-6bab7eb943d6\">Cmentarz poleg\u0142ych \u017co\u0142nierzy Armii Radzieckiej zlokalizowany jest w Kleszewie. Budow\u0119 Mauzoleum rozpocz\u0119to w 1948 roku, a zako\u0144czono w 1949. Zajmuje ono obszar 21.000 m kw. Ca\u0142y obiekt sk\u0142ada si\u0119 z cz\u0119\u015bci g\u0142\u00f3wnej, kt\u00f3rej centralnym punktem jest p\u00f3\u0142kolista glorieta wykonana z granitu i piaskowca, oraz w\u0142a\u015bciwego cmentarza. Jest tam 369 mogi\u0142 zbiorowych i 85 mogi\u0142 indywidualnych, w kt\u00f3rych pochowano 16 643 \u017co\u0142nierzy i oficer\u00f3w Armii Radzieckiej.<\/p>\n\n\n\n<p id=\"block-4a0973a9-983b-43b7-890c-39a0a91f9036\">Dalsza cz\u0119\u015b\u0107 szlaku to trzykilometrowa droga powrotna do Pu\u0142tuska. Najpierw wracamy a\u017c do mostu na \u015bluzie, zaraz za nim zje\u017cd\u017camy z wa\u0142u w prawo. Jedziemy \u017cwirow\u0105 drog\u0105 wzd\u0142u\u017c ogr\u00f3dk\u00f3w dzia\u0142kowych, ca\u0142y czas maj\u0105c je po prawej stronie. Ogr\u00f3dki ko\u0144cz\u0105 si\u0119, i po prawej widzimy \u201epu\u0142tuski kana\u0142\u201d. Droga ze \u017cwirowej zmienia si\u0119 w betonow\u0105. Po kilkudziesi\u0119ciu metrach z lewej dochodzi asfalt\u00f3wka. Nasza dotychczasowa droga prowadzi na most na kanale. My jednak skr\u0119camy w lewo w asfalt\u00f3wk\u0119. Warto uwa\u017cnie patrze\u0107 w lewo, aby w\u015br\u00f3d \u0142\u0105k i krzak\u00f3w dostrzec tajemniczy, stary krzy\u017c \u2013 drewniany, a potem wzmocniony cementem. Zwi\u0105zana jest z nim legenda, jakoby w tym miejscu by\u0142o kiedy\u015b pi\u0119kne i bogate miasto. Po wielkiej powodzi miasto zapad\u0142o si\u0119 pod ziemi\u0119. Pono\u0107 w nocy s\u0142ycha\u0107 w tym miejscu dzwony dawnych ko\u015bcio\u0142\u00f3w.<\/p>\n\n\n\n<p id=\"block-43e8cd93-d5b3-4ed6-8736-c625c0be12bc\">Dalej jedziemy przez osiedle domk\u00f3w jednorodzinnych. Na ko\u0144cu drogi przeje\u017cd\u017camy przez most na kanale i po kilkudziesi\u0119ciu metrach wje\u017cd\u017camy na pu\u0142tuski rynek.<\/p>\n\n\n\n<p>\ufeff<\/p>\n\n\n\n<h2 class=\"wp-block-heading\"><\/h2>\n\n\n\n<p>Widoczno\u015b\u0107<\/p>\n\n\n\n<p>OpublikujFormat tre\u015bciPrzypnij na g\u00f3rze blogaAutor<\/p>\n\n\n\n<h2 class=\"wp-block-heading\"><\/h2>\n\n\n\n<h2 class=\"wp-block-heading\"><\/h2>\n\n\n\n<h2 class=\"wp-block-heading\"><\/h2>\n\n\n\n<h2 class=\"wp-block-heading\"><\/h2>\n\n\n\n<h2 class=\"wp-block-heading\"><\/h2>\n\n\n\n<h2 class=\"wp-block-heading\"><\/h2>\n\n\n\n<ul class=\"wp-block-list\"><li>Wpis<\/li><\/ul>\n","protected":false},"excerpt":{"rendered":"<p>Pu\u0142tusk \u2013 Kleszewo \u2013 Cmentarz Wojenny \u2013 Pu\u0142tusk D\u0142ugo\u015b\u0107 \u2013 6,7 km Kr\u00f3tki szlak po nadnarwia\u0144skich okolicach Pu\u0142tuska, kt\u00f3rego przej\u015bcie mo\u017cna po\u0142\u0105czy\u0107 ze zwiedzaniem cmentarza wojennego w Kleszewie. Warto zobaczy\u0107: Rzek\u0119 Narew wraz z dzikim pasem brzegowym, star\u0105 pla\u017c\u0119 miejsk\u0105, charakterystyczne starorzecza Narwi okalaj\u0105ce miasto, panoram\u0119 Pu\u0142tuska z charakterystycznymi wie\u017cami &hellip;<\/p>\n","protected":false},"author":3,"featured_media":0,"parent":0,"menu_order":0,"comment_status":"closed","ping_status":"closed","template":"","meta":{"footnotes":""},"class_list":["post-713","page","type-page","status-publish","hentry"],"_links":{"self":[{"href":"https:\/\/poplawy.sh.org.pl\/index.php\/wp-json\/wp\/v2\/pages\/713","targetHints":{"allow":["GET"]}}],"collection":[{"href":"https:\/\/poplawy.sh.org.pl\/index.php\/wp-json\/wp\/v2\/pages"}],"about":[{"href":"https:\/\/poplawy.sh.org.pl\/index.php\/wp-json\/wp\/v2\/types\/page"}],"author":[{"embeddable":true,"href":"https:\/\/poplawy.sh.org.pl\/index.php\/wp-json\/wp\/v2\/users\/3"}],"replies":[{"embeddable":true,"href":"https:\/\/poplawy.sh.org.pl\/index.php\/wp-json\/wp\/v2\/comments?post=713"}],"version-history":[{"count":1,"href":"https:\/\/poplawy.sh.org.pl\/index.php\/wp-json\/wp\/v2\/pages\/713\/revisions"}],"predecessor-version":[{"id":714,"href":"https:\/\/poplawy.sh.org.pl\/index.php\/wp-json\/wp\/v2\/pages\/713\/revisions\/714"}],"wp:attachment":[{"href":"https:\/\/poplawy.sh.org.pl\/index.php\/wp-json\/wp\/v2\/media?parent=713"}],"curies":[{"name":"wp","href":"https:\/\/api.w.org\/{rel}","templated":true}]}}

<figure class="wp-block-image" id="block-bc326cc4-99d3-4f58-8e62-221590a8e652"><img decoding="async" src="https://poplawy.sh.org.pl/wp-content/uploads/2022/09/Szlak-Bobra1-1024x511.jpg" alt="Obrazek posiada pusty atrybut alt; plik o nazwie Szlak-Bobra1-1024x511.jpg"/></figure>



<p id="block-261e206c-c05d-4338-850b-8fcdea17c736">Pułtusk – Kleszewo – Cmentarz Wojenny – Pułtusk</p>



<p id="block-94d07451-fd68-4044-90fb-ea6b1bd8609a"><strong>Długość – 6,7 km</strong></p>



<p id="block-25429ed9-be03-45db-96b7-e9c27c31ff29"><em>Krótki szlak po nadnarwiańskich okolicach Pułtuska, którego przejście można połączyć ze zwiedzaniem cmentarza wojennego w Kleszewie.</em></p>



<p id="block-be9cdd10-10ab-4c8a-bdc2-96b86ee2b88b"><strong>Warto zobaczyć:</strong></p>



<p id="block-77bda323-3869-488f-888f-b11ead8aa18a"><em>Rzekę Narew wraz z dzikim pasem brzegowym, starą plażę miejską, charakterystyczne starorzecza Narwi okalające miasto, panoramę Pułtuska z charakterystycznymi wieżami ratuszową, zamkową i dzwonnicy bazyliki kolegiackiej, Cmentarz – Mauzoleum Żołnierzy Radzieckich.</em></p>



<p id="block-19ce28c6-1729-4996-908e-f31eba294b90"><strong>Trasa:</strong></p>



<p id="block-05cc96b9-7093-4a2c-a653-36449e544ec1">Ruszamy z pułtuskiego rynku, spod bramy Domu Polonii. Na lewo od wjazdu do zamku zaczyna się wał przeciwpowodziowy, wzdłuż którego biegnie szlak. Na drugim kilometrze od Pułtuska znajduje się miejsce, w którym podczas wielkiej powodzi w 1979 roku doszło do przerwania wału. To tędy popłynęła wielka woda, która na kilkanaście dni zalała Pułtusk. Był to jeden z największych kataklizmów wodnych w powojennej Polsce. Jadąc wałem, trudno sobie wyobrazić, że poziom wody wiosną 1979 roku był aż tak wysoki.</p>



<p id="block-874f3bf8-9160-45d2-9ad0-5001e6ef2bac">Po prawej i lewej stronie cały czas mamy tereny zalewowe Narwi. Jej brzeg oddalony jest kilkanaście do kilkudziesięciu metrów od wału. To właśnie ten teren, gęsto zarośnięty krzakami i drzewami, głównie wierzbami, jest królestwem bobrów. Co prawda, z wału raczej nie zobaczymy tych zwierząt, ale gdy zejdziemy nad brzeg rzeki (w kilku miejscach są ścieżki utworzone przez wędkarzy) i przycupniemy nad wodą, będziemy mieli na to szansę.</p>



<p id="block-032386f9-c9b4-4f6c-8643-66a8b8e1b70b">Po około trzech kilometrach, niedługo po przejechaniu mostu na śluzie i po skręcie w prawo wzdłuż szosy na Ostrołękę, docieramy do cmentarza – Mauzoleum Żołnierzy Radzieckich. Tuż przed skrętem, po prawej stronie drogi, stoi wiata postojowa.</p>



<figure class="wp-block-image" id="block-7b5712ec-1de1-4183-8fac-bbf5e2ddd7df"><img decoding="async" src="https://poplawy.sh.org.pl/wp-content/uploads/2022/09/Mauzoleum_1-1024x457.jpg" alt="Obrazek posiada pusty atrybut alt; plik o nazwie Mauzoleum_1-1024x457.jpg"/></figure>



<p id="block-a556e5e0-7e3a-449d-b591-e7d1ab64765c">Podczas II wojny światowej Niemcy zamienili Pułtusk w miasto – twierdzę. W lipcu 1944 roku od wschodu podeszły wojska radzieckie. Udało im się w dwóch miejscach sforsować Narew. Na północ i południe od Pułtuska powstały dwa małe przyczółki. Opór niemiecki był jednak na tyle silny, że nie udało się miasta zdobyć z marszu. Aż do stycznia 1945 roku trwały zacięte walki pozycyjne na przyczółkach. Przez te kilka miesięcy Rosjanie stracili kilkanaście tysięcy żołnierzy. Właśnie oni pochowani są na cmentarzu.</p>



<p id="block-facd68e1-518b-4553-8cd7-6bab7eb943d6">Cmentarz poległych żołnierzy Armii Radzieckiej zlokalizowany jest w Kleszewie. Budowę Mauzoleum rozpoczęto w 1948 roku, a zakończono w 1949. Zajmuje ono obszar 21.000 m kw. Cały obiekt składa się z części głównej, której centralnym punktem jest półkolista glorieta wykonana z granitu i piaskowca, oraz właściwego cmentarza. Jest tam 369 mogił zbiorowych i 85 mogił indywidualnych, w których pochowano 16 643 żołnierzy i oficerów Armii Radzieckiej.</p>



<p id="block-4a0973a9-983b-43b7-890c-39a0a91f9036">Dalsza część szlaku to trzykilometrowa droga powrotna do Pułtuska. Najpierw wracamy aż do mostu na śluzie, zaraz za nim zjeżdżamy z wału w prawo. Jedziemy żwirową drogą wzdłuż ogródków działkowych, cały czas mając je po prawej stronie. Ogródki kończą się, i po prawej widzimy „pułtuski kanał”. Droga ze żwirowej zmienia się w betonową. Po kilkudziesięciu metrach z lewej dochodzi asfaltówka. Nasza dotychczasowa droga prowadzi na most na kanale. My jednak skręcamy w lewo w asfaltówkę. Warto uważnie patrzeć w lewo, aby wśród łąk i krzaków dostrzec tajemniczy, stary krzyż – drewniany, a potem wzmocniony cementem. Związana jest z nim legenda, jakoby w tym miejscu było kiedyś piękne i bogate miasto. Po wielkiej powodzi miasto zapadło się pod ziemię. Ponoć w nocy słychać w tym miejscu dzwony dawnych kościołów.</p>



<p id="block-43e8cd93-d5b3-4ed6-8736-c625c0be12bc">Dalej jedziemy przez osiedle domków jednorodzinnych. Na końcu drogi przejeżdżamy przez most na kanale i po kilkudziesięciu metrach wjeżdżamy na pułtuski rynek.</p>



<p>﻿</p>



<h2 class="wp-block-heading"></h2>



<p>Widoczność</p>



<p>OpublikujFormat treściPrzypnij na górze blogaAutor</p>



<h2 class="wp-block-heading"></h2>



<h2 class="wp-block-heading"></h2>



<h2 class="wp-block-heading"></h2>



<h2 class="wp-block-heading"></h2>



<h2 class="wp-block-heading"></h2>



<h2 class="wp-block-heading"></h2>



<ul class="wp-block-list"><li>Wpis</li></ul>

<p>Pułtusk – Kleszewo – Cmentarz Wojenny – Pułtusk Długość – 6,7 km Krótki szlak po nadnarwiańskich okolicach Pułtuska, którego przejście można połączyć ze zwiedzaniem cmentarza wojennego w Kleszewie. Warto zobaczyć: Rzekę Narew wraz z dzikim pasem brzegowym, starą plażę miejską, charakterystyczne starorzecza Narwi okalające miasto, panoramę Pułtuska z charakterystycznymi wieżami &hellip;</p>
