{"id":720,"date":"2022-09-09T08:24:27","date_gmt":"2022-09-09T06:24:27","guid":{"rendered":"https:\/\/poplawy.sh.org.pl\/?page_id=720"},"modified":"2022-09-09T08:24:28","modified_gmt":"2022-09-09T06:24:28","slug":"szlak-pelty","status":"publish","type":"page","link":"https:\/\/poplawy.sh.org.pl\/index.php\/szlak-pelty\/","title":{"rendered":"Szlak Pe\u0142ty"},"content":{"rendered":"\n<figure class=\"wp-block-image size-large\"><img loading=\"lazy\" decoding=\"async\" width=\"1024\" height=\"516\" src=\"https:\/\/poplawy.sh.org.pl\/wp-content\/uploads\/2022\/09\/widok_na_pelte_gerek-1024x516.jpg\" alt=\"\" class=\"wp-image-721\" srcset=\"https:\/\/poplawy.sh.org.pl\/wp-content\/uploads\/2022\/09\/widok_na_pelte_gerek-1024x516.jpg 1024w, https:\/\/poplawy.sh.org.pl\/wp-content\/uploads\/2022\/09\/widok_na_pelte_gerek-300x151.jpg 300w, https:\/\/poplawy.sh.org.pl\/wp-content\/uploads\/2022\/09\/widok_na_pelte_gerek-768x387.jpg 768w, https:\/\/poplawy.sh.org.pl\/wp-content\/uploads\/2022\/09\/widok_na_pelte_gerek-1536x774.jpg 1536w, https:\/\/poplawy.sh.org.pl\/wp-content\/uploads\/2022\/09\/widok_na_pelte_gerek-2048x1033.jpg 2048w, https:\/\/poplawy.sh.org.pl\/wp-content\/uploads\/2022\/09\/widok_na_pelte_gerek-595x300.jpg 595w\" sizes=\"auto, (max-width: 1024px) 100vw, 1024px\" \/><figcaption>fot. Grzegorz Gerek<\/figcaption><\/figure>\n\n\n\n<p>Pu\u0142tusk \u2013 Olszak \u2013 Bia\u0142owie\u017ca \u2013 Zakr\u0119t \u2013 Trzciniec \u2013 G\u0142odowo \u2013 Przemiarowo \u2013 Chmielewo \u2013 Boby \u2013 Gnojno \u2013 Chmielewo \u2013 Lipa \u2013 Olszak \u2013 Pu\u0142tusk<\/p>\n\n\n\n<p><strong>D\u0142ugo\u015b\u0107 \u2013 45,6 km<\/strong><\/p>\n\n\n\n<p><em>Urokliwy szlak wiod\u0105cy dolin\u0105 Narwi i jej dop\u0142ywu \u2013 Pe\u0142ty, od kt\u00f3rego prawdopodobnie&nbsp; wzi\u0105\u0142 nazw\u0119 Pu\u0142tusk.<\/em><\/p>\n\n\n\n<p><strong>Warto zobaczy\u0107:<\/strong><\/p>\n\n\n\n<p><em>Starorzecza Narwi, stare krzy\u017ce i kapliczki, wyrobisko po\u017cwirowe w Gnojnie, urocze mazowieckie wsie.<\/em><\/p>\n\n\n\n<p><strong>Trasa:<\/strong><\/p>\n\n\n\n<p>Z okolic Domu Polonii, sk\u0105d zaczyna si\u0119 nasz szlak, jedziemy wzd\u0142u\u017c rynku w kierunku dzwonnicy pu\u0142tuskiej kolegiaty, przed kt\u00f3r\u0105 skr\u0119camy w lewo w ulic\u0119 Benedykty\u0144sk\u0105 i dalej jedziemy a\u017c na most na kana\u0142ku. Zaraz za mostem skr\u0119camy w prawo w ulic\u0119 Baltazara. Jedziemy a\u017c do ko\u0144ca tej ulicy do starego cmentarza \u015bwi\u0119tokrzyskiego. Przed cmentarzem skr\u0119camy w lewo i po chwili musimy przekroczy\u0107 ruchliw\u0105 drog\u0119 Warszawa \u2013 Bia\u0142ystok. Zejd\u017amy z roweru i przeprowad\u017amy go na pasach na drug\u0105 stron\u0119. Po drugiej stronie wje\u017cd\u017camy w ulic\u0119 \u015awi\u0119tokrzysk\u0105 i jad\u0105c ni\u0105 do ko\u0144ca wyje\u017cd\u017camy z miasta. Ulica przekszta\u0142ca si\u0119 w drog\u0119 poln\u0105. Po oko\u0142o dw\u00f3ch kilometrach dotrzemy do miejscowo\u015bci Olszak. Przy pierwszych zabudowaniach do naszego szlaku z lewej strony dociera droga, kt\u00f3ra jest \u0142\u0105cznikiem ze \u201eszlakiem zielonym\u201d.<\/p>\n\n\n\n<p>My jednak jedziemy prosto a\u017c do drewnianego mostu przez malutk\u0105 rzeczk\u0119 Przewod\u00f3wk\u0119, tu\u017c obok kt\u00f3rego usytuowana jest wiata przystankowa. Warto tu si\u0119 zatrzyma\u0107, bowiem jest to miejsce urokliwe. Rzeczka cicho szemrze w dolinie, a tu\u017c obok wiaty stoi wysoki pie\u0144 obumar\u0142ego dawno, ogromnego drzewa. W jego licznych dziuplach mieszkaj\u0105 tajemnicze sowy.<\/p>\n\n\n\n<p>Po przejechaniu przez drewniany most jedziemy dalej prosto, by po dwustu metrach skr\u0119ci\u0107 w prawo. Teraz zn\u00f3w kilkaset metr\u00f3w prosto i tu\u017c przed pierwszym zabudowaniem skr\u0119t w lewo. Czeka nas trudny, lecz malowniczy odcinek w\u015br\u00f3d p\u00f3l. Polna dr\u00f3\u017cka doprowadzi nas do \u017cwirowej drogi Kleszewo \u2013 Trzciniec. Skr\u0119camy w lewo i jedziemy w kierunku malutkiej wioski Zakr\u0119t. Na samym jej pocz\u0105tku, po prawej stronie jest gospodarstwo so\u0142tysa. Nie by\u0142oby to warte wzmianki, gdyby nie fakt, \u017ce obok gospodarstwa znajduje si\u0119 ciekawe gniazdo bociana bia\u0142ego. Bo\u0107ki za miejsce na sw\u00f3j dom wybra\u0142y stert\u0119 s\u0142omy. Trzeba przyzna\u0107, \u017ce to ryzykowna decyzja.<\/p>\n\n\n\n<p>Jedziemy dalej i ju\u017c wkr\u00f3tce docieramy do Trzci\u0144ca. Wje\u017cd\u017camy na asfalt i skr\u0119caj\u0105c w prawo szybko i wygodnie jedziemy przez ca\u0142\u0105, d\u0142ug\u0105 wie\u015b. Mniej wi\u0119cej w jej \u015brodku po prawej stronie znajduje si\u0119 remiza z du\u017cym stawem obok. Kiedy ju\u017c wyjedziemy ze wsi asfaltowa droga prowadzi nas do widocznych w oddali lask\u00f3w. Tu czekaj\u0105 nas pewne trudno\u015bci. Ot\u00f3\u017c z wygodnego asfaltu skr\u0119camy w prawo w le\u015bny dukt. Trzymaj\u0105c si\u0119 znak\u00f3w trasy i wykonuj\u0105c kilka skr\u0119t\u00f3w, wyje\u017cd\u017camy z lasu; poln\u0105 dr\u00f3\u017ck\u0105 docieramy do drogi Pu\u0142tusk \u2013 Karniewo. Przeje\u017cd\u017camy na drug\u0105 stron\u0119 tu\u017c obok krzy\u017ca z podw\u00f3jnymi ramionami. Jest to niezwyk\u0142a rzadko\u015b\u0107 na Mazowszu. Taki wygl\u0105d krzy\u017ca \u015bwiadczy, i\u017c zosta\u0142 on postawiony na pami\u0105tk\u0119 jakiej\u015b kl\u0119ski \u017cywio\u0142owej b\u0105d\u017a epidemii. Ten upami\u0119tnia wydarzenie z 1893 roku. Dalej asfaltow\u0105 drog\u0105 zje\u017cd\u017camy w dolin\u0119 Pe\u0142ty. Tu\u017c przed mostem, po prawej stronie, stoi ciekawa figurka. Kilkaset metr\u00f3w za mostem, po lewej stronie, usytuowana jest druga na naszej trasie wiata.<\/p>\n\n\n\n<p>Kiedy ju\u017c odpoczniemy, skr\u0119camy w prawo i asfaltow\u0105 drog\u0105 jedziemy w kierunku niedalekiej szosy Pu\u0142tusk \u2013 Mak\u00f3w, maj\u0105c po prawej stronie dolin\u0119 Pe\u0142ty. Przecinamy szos\u0119 i jedziemy dalej prosto. Kiedy dotrzemy do skrzy\u017cowania, musimy podj\u0105\u0107 decyzj\u0119: czy jedziemy dalej a\u017c do wiaty zlokalizowanej nad Narwi\u0105, czy te\u017c chcemy wr\u00f3ci\u0107 do Pu\u0142tuska. Je\u015bli wybierzemy t\u0119 drug\u0105 opcj\u0119, skr\u0119camy w prawo i po przeci\u0119ciu drogi Pu\u0142tusk \u2013 Mak\u00f3w \u017cwirow\u0105 drog\u0105 docieramy do miejsca, gdzie ju\u017c dzi\u015b byli\u015bmy. Skr\u0119caj\u0105c tam w lewo poln\u0105 drog\u0105 dojedziemy do wiaty nad Przewod\u00f3wk\u0105.<\/p>\n\n\n\n<p>Je\u015bli jednak chcemy jeszcze dalej jecha\u0107 naszym szlakiem, musimy jecha\u0107 prosto. Asfaltowa, czasami troch\u0119 kr\u0119ta droga, doprowadzi nas do szosy augustowskiej, kt\u00f3r\u0105 przecinamy i jedziemy do miejscowo\u015bci Lipa. Musimy przejecha\u0107 przez ca\u0142\u0105 wie\u015b, maj\u0105c po prawej stronie, za zabudowaniami, dolin\u0119 Narwi. Znak poka\u017ce nam, w kt\u00f3rym miejscu zjedziemy ze skarpy na d\u00f3\u0142. Teraz czeka nas bardzo trudny odcinek trasy. B\u0119dziemy jechali przez piaszczyste bezdro\u017ca a\u017c do niedalekiego wyrobiska po\u017cwirowego w Gnojnie. Kiedy dotrzemy do wsi, skr\u0119camy w prawo i asfaltow\u0105 drog\u0105 jedziemy a\u017c do jej ko\u0144ca. Kiedy asfalt si\u0119 ko\u0144czy, skr\u0119camy w prawo. Po obu stronach drogi usytuowane s\u0105 domki letniskowe. Zje\u017cd\u017camy w d\u00f3\u0142 nad sam\u0105 rzek\u0119, nad kt\u00f3r\u0105 zlokalizowana jest wiata. Warto by\u0142o tu przyjecha\u0107. Widok na Narew wynagrodzi nam trudy podr\u00f3\u017cy.<\/p>\n\n\n\n<p>Do Pu\u0142tuska wracamy t\u0105 sam\u0105 tras\u0105.<\/p>\n","protected":false},"excerpt":{"rendered":"<p>Pu\u0142tusk \u2013 Olszak \u2013 Bia\u0142owie\u017ca \u2013 Zakr\u0119t \u2013 Trzciniec \u2013 G\u0142odowo \u2013 Przemiarowo \u2013 Chmielewo \u2013 Boby \u2013 Gnojno \u2013 Chmielewo \u2013 Lipa \u2013 Olszak \u2013 Pu\u0142tusk D\u0142ugo\u015b\u0107 \u2013 45,6 km Urokliwy szlak wiod\u0105cy dolin\u0105 Narwi i jej dop\u0142ywu \u2013 Pe\u0142ty, od kt\u00f3rego prawdopodobnie&nbsp; wzi\u0105\u0142 nazw\u0119 Pu\u0142tusk. Warto zobaczy\u0107: Starorzecza &hellip;<\/p>\n","protected":false},"author":3,"featured_media":0,"parent":0,"menu_order":0,"comment_status":"closed","ping_status":"closed","template":"","meta":{"footnotes":""},"class_list":["post-720","page","type-page","status-publish","hentry"],"_links":{"self":[{"href":"https:\/\/poplawy.sh.org.pl\/index.php\/wp-json\/wp\/v2\/pages\/720","targetHints":{"allow":["GET"]}}],"collection":[{"href":"https:\/\/poplawy.sh.org.pl\/index.php\/wp-json\/wp\/v2\/pages"}],"about":[{"href":"https:\/\/poplawy.sh.org.pl\/index.php\/wp-json\/wp\/v2\/types\/page"}],"author":[{"embeddable":true,"href":"https:\/\/poplawy.sh.org.pl\/index.php\/wp-json\/wp\/v2\/users\/3"}],"replies":[{"embeddable":true,"href":"https:\/\/poplawy.sh.org.pl\/index.php\/wp-json\/wp\/v2\/comments?post=720"}],"version-history":[{"count":1,"href":"https:\/\/poplawy.sh.org.pl\/index.php\/wp-json\/wp\/v2\/pages\/720\/revisions"}],"predecessor-version":[{"id":722,"href":"https:\/\/poplawy.sh.org.pl\/index.php\/wp-json\/wp\/v2\/pages\/720\/revisions\/722"}],"wp:attachment":[{"href":"https:\/\/poplawy.sh.org.pl\/index.php\/wp-json\/wp\/v2\/media?parent=720"}],"curies":[{"name":"wp","href":"https:\/\/api.w.org\/{rel}","templated":true}]}}